n + 3. Let o(t) = -t**3 + 3*t**2 + 6*t - 4. Suppose 0 = -4*z + 3*z + 4. Let x be o(z). Suppose q - 1 = x. Determine m(q).
-2
Let f = -3264 + 3264. Let t(h) be the second derivative of -h**3/6 - h**2/2 - h. Calculate t(f).
-1
Let n be 252/70*15/6. Let t(s) = 2*s**2 - 18*s - 12. What is t(n)?
-12
Let b(p) = p**3 - 6*p**2 - 9*p + 5. Let s be -5*(44/(-6) + (-3)/(-9)). Suppose 4*g - s = -g. Calculate b(g).
-9
Let j be -5 + 2/2 + -1. Let x(d) be the first derivative of -d**2 + d - 296. What is x(j)?
11
Let j = -1 - -3. Suppose -4*y - 8 = 2*k, -2 = j*y + 6. Let f(h) = -5 - 2 + k - h + 2. Determine f(-1).
0
Let g = -4 + 6. Let o = -4 + g. Let p(h) = -3*h + 399*h**2 - 1 - 197*h**2 - 204*h**2. What is p(o)?
-3
Suppose 20 = 4*y + 4*g, 0*y - 5*g - 38 = -4*y. Let t(b) = -b**3 + b**2 - b + 5. Let w be t(0). Let c(l) = w*l + 3*l - y*l - 2*l**2. Determine c(1).
-1
Let z(s) = -s - 2. Let o be z(1). Let r(h) = -4*h**3 + 5*h**2 + 2*h + 4. Let d(b) = -5*b**3 + 6*b**2 + 3*b + 5. Let i(x) = o*d(x) + 4*r(x). Calculate i(2).
-1
Let p(g) = g**2 + 6. Let k be 8/(-12)*-3 + (-2)/1. Calculate p(k).
6
Let c = 195 - 187. Let n(z) = -z**2 + 11*z - 8. What is n(c)?
16
Let g = -25 + 27. Suppose g*b + 4 = 3*m, -m - 3*m = 8. Let i(v) be the second derivative of -v**4/12 - 5*v**3/6 - v**2/2 - 2*v. Calculate i(b).
-1
Let u(c) be the third derivative of -c**4/24 + 11*c**3/6 - 196*c**2. Determine u(5).
6
Suppose 0*i - 18 = 3*i. Let t(a) = a**2. Let l be (-7)/2 - 333/(-74). Let o(p) = 7*p**2 - 2*p - 2. Let w(u) = i*t(u) + l*o(u). Calculate w(4).
6
Suppose l + 5 = 4*r - 23, -28 = -4*r - 2*l. Let p(h) = -h + 5. Calculate p(r).
-2
Let j be ((-7)/(14/(-9)))/((-4)/(-8)). Let k(n) = n + 4. Give k(j).
13
Let z(n) = 2*n**2 + 5*n. Let t(w) = 5*w**2 + 16*w - 2. Let o(p) = 3*t(p) - 8*z(p). What is o(6)?
6
Let l(a) = -a**3 + 6*a**2 + 2*a - 8. Let o be l(6). Let h(p) = p + p**2 + 0 - 2 + 4 - o*p. Determine h(5).
12
Let n(y) be the first derivative of y**2/2 + 6*y - 568. What is n(-11)?
-5
Let p(g) = -g**2 - 53*g - 239. Let x be p(-5). Let s(d) = 4*d**3 + 2*d**2 - 1. Give s(x).
5
Let a(r) = -7*r**2 + 1. Suppose 0 = -5*y + 12*y + 7. What is a(y)?
-6
Let s = -9 + 11. Let a(f) = 3 + 1 - 7*f + 5*f - s. Let u(h) = 2*h**2 - h + 1. Let x be u(1). Determine a(x).
-2
Let g(x) be the second derivative of x**4/6 - x**3/2 - 2*x + 2. Calculate g(2).
2
Let u = 481 + -484. Let i(l) = -2 + 4*l - 2*l - 3*l. What is i(u)?
1
Let k(q) = -65*q**2 - 63*q**2 + 2*q**3 + 130*q**2 + 2*q + 5*q**3 + 1 + 0*q**3. Determine k(-1).
-6
Let q(p) = -p**2 - 10*p - 10. Suppose 39*n + 280 = 11*n. Calculate q(n).
-10
Let a(d) be the second derivative of -d**4/12 + 4*d**3/3 + 4*d**2 - 6*d + 18. Give a(7).
15
Let u(n) be the third derivative of 1/120*n**6 + 0 - 1/4*n**4 + 1/2*n**3 + 0*n - 1/12*n**5 + 4*n**2. Let k be 21/(-2)*(-2)/(-21)*-6. Calculate u(k).
3
Suppose -q - 1 = y, 5*q - q = -12. Let t(s) = -4 - y*s - 3*s + 7*s + s**3 + 5*s**2. Let p be 3 - (-2 + -1 + 4)*7. Calculate t(p).
4
Let k be (-2)/2 + 160/10. Let v be 6*(k/(-6) - -2). Let a(n) = n**2 - 3*n - 4. Determine a(v).
14
Suppose -p - 14 = 2*f - 5, 0 = 3*p + 15. Let y(t) = t**2 + 3*t - 1. Give y(f).
-3
Let k(r) be the first derivative of 3*r**2/2 - 2*r + 14. Determine k(2).
4
Let s(l) = -l - 19. Let b = 2087 - 2096. What is s(b)?
-10
Let i be 9/1 + (8 - 17). Let r(k) be the third derivative of 0 - 1/120*k**6 + 2/15*k**5 + 9*k**2 - 1/4*k**4 + 1/6*k**3 + i*k. Calculate r(7).
8
Let y(i) = -12*i**2 - 17*i + 15. Let p(o) = -19*o**2 - 26*o + 23. Let z(g) = 5*p(g) - 8*y(g). What is z(-5)?
-10
Suppose 3*n - 7 = -4*n. Suppose -q + n = -d + 2, -5*q + 2*d = 20. Let z(k) = -k**2 - 2*k - 4. Calculate z(q).
-28
Let d(c) = c**3 - c**2 + c + 4. Let t = 18 - 95. Let k = t - -77. Give d(k).
4
Suppose 4*i + 3*l - 215 = 4*l, 0 = -2*i - 4*l + 112. Let t = i - 48. Let c(o) = o**3 - 5*o**2 - 9*o + 7. Give c(t).
-11
Let x = -5 - -12. Let i(r) = r**2 + r - 25. Let c be i(5). Let y(n) = 6*n**2 - 12*n - 6. Let h(k) = -7*k**2 + 13*k + 7. Let v(z) = c*h(z) + 6*y(z). Give v(x).
-1
Let f be -1 + (-2)/(-2)*1. Let h(j) be the second derivative of j**4/12 - j**3/6 - 6*j**2 - 217*j. What is h(f)?
-12
Let q = 7 - 15. Let r be (q/(-16))/(3/(-6)). Let c(s) = 21*s - 1. What is c(r)?
-22
Let m(b) = 2*b**2 + b + 1. Let t be (-158)/553 + 60/14. What is m(t)?
37
Let s(f) = 2*f**2 + 21*f + 29. Let y(q) = q**2 + 10*q + 14. Let n(r) = 2*s(r) - 5*y(r). Determine n(-7).
-5
Let k(r) = -r**2 - 2*r. Suppose 3*a = 5*y + 33 - 7, 3*y - 2*a = -16. Calculate k(y).
-8
Let m(v) be the third derivative of 5/3*v**3 - 1 - 5/12*v**4 - 7/60*v**5 + 1/120*v**6 - 2*v**2 + 0*v. Determine m(8).
-6
Let w(t) = -10*t - 5*t + 40*t - 19*t - 8*t**2 + t**3. Determine w(7).
-7
Suppose -1 = 3*t - 5*s - 10, 0 = -3*t + s + 9. Let m(j) = j**3 - 3*j**2 - 1. Determine m(t).
-1
Let b(y) = 3*y**2 + y + 1. Let v(o) = 5*o**2 + 3*o + 3. Let u(s) = -2*b(s) + v(s). Let w = 1 + -3. Let a be u(w). Let n(q) = -2*q**2 - 8*q - 7. Give n(a).
-17
Let n(q) be the third derivative of q**6/120 - q**5/10 - q**4/24 + 4*q**3/3 - 2*q**2. Suppose 0 = -2*u + 2 - 54. Let f = 32 + u. Calculate n(f).
2
Let m be 155/10 - 24/(-16). Let g(r) = r - 23. Calculate g(m).
-6
Let z(q) = q - q**3 + 6*q**2 + 0*q + 3 - 2*q**2. Suppose -3*p = 20 - 32. Give z(p).
7
Let q(z) = -20*z**3 + 12*z**2 - 6*z + 14. Let y(i) = -4*i**2 + 4*i**2 + 2*i - 4*i**2 - 2 - 3 + 7*i**3. Let n(v) = 6*q(v) + 17*y(v). Determine n(2).
3
Let n(v) = 15 - 29*v + 90*v - 30*v - 28*v - v**2. What is n(6)?
-3
Let r(j) be the third derivative of -j**6/120 + j**5/30 - j**4/12 + j**3/3 + 46*j**2. What is r(2)?
-2
Let h(r) be the first derivative of -r**3/3 - r**2/2 - 42*r - 73. Determine h(0).
-42
Suppose 5*k + 40 = -5*u, -5*k + 0*u - 4*u = 38. Suppose 10*i - 35 = -5*s + 5*i, 5*s - i - 5 = 0. Let x(w) = -s*w + 2 - 5 - 5. Calculate x(k).
4
Let u(h) be the third derivative of h**6/120 + h**5/60 - 5*h**4/24 - h**3/2 - 5*h**2. Let c be -1 - (0/1 - 8/(-4)). Calculate u(c).
-6
Let s(l) be the third derivative of -l**6/120 - l**5/10 + l**4/4 - l**3 - 2*l**2 - 17*l. What is s(-7)?
1
Let w(c) = -10*c**2 - 5*c + 9. Let i(h) = -3*h**2 - 2*h + 3. Suppose -2*a + 14 - 20 = 0. Let d be 4 - (2*a - -3). Let z(p) = d*i(p) - 2*w(p). What is z(-4)?
3
Let b(j) = 10*j - 1. Suppose -4*q + 15 = 19. Give b(q).
-11
Let s = -10 - -14. Suppose -b + 5 = x, 0*b + s*x = b - 15. Let h = 4 - b. Let j(m) = m**2 + 4*m - 1. Determine j(h).
-4
Let f = 2 - -27. Suppose a - f = -8. Let t = a - 15. Let x(m) = m**3 - 5*m**2 - 5*m - 7. Determine x(t).
-1
Let n(u) = 2*u**2 - 4*u**3 + 5*u**3 - 3*u**3 - 2. Suppose 130*l - 205 = 55. Determine n(l).
-10
Suppose k - 3 = 3. Let h(b) = -b + 13 - 8 + 0. Calculate h(k).
-1
Let i = -3 - -5. Suppose 1242*h - 1246*h + 4 = 0. Let j(r) = -r**i + 9*r - r**2 + h - 4 + 2. Calculate j(6).
-19
Let b(s) = -9*s. Let x be 6/3 + 12 - 3. Let v = x + -15. Let k = v - -3. What is b(k)?
9
Suppose -12*r = -308 + 56. Let w(n) = n**3 - 20*n**2 - 20*n - 16. Determine w(r).
5
Let z(n) = -9*n + 10. Let c be z(1). Let v(b) = 39*b**2 - 1 - 33*b**2 - 19*b**2. Determine v(c).
-14
Suppose 0 = 14*x - 10*x. Suppose x = -13*j + 14*j - 7. Let l(w) = j*w - w**3 - 4 + 0*w - w - 4*w + 4*w**2. Give l(4).
4
Let q(w) = -w**3 - w**2 + 3*w - 2. Suppose -2*m + 4*z = 22, -6*m + 8*m + 14 = 2*z. What is q(m)?
7
Let j(o) = o**2 - 8*o - 8. Let v(n) = n**2 - 9*n - 8. Let a(y) = 4*j(y) - 3*v(y). What is a(7)?
6
Let h(s) = s**2 - 6*s + 4. Let n = -133 - -139. What is h(n)?
4
Let d(l) = -3*l**3 - l**2 - 7*l - 6. Let f(v) = v**3 - v**2 - v - 2. Let w(n) = d(n) + 4*f(n). Give w(7).
7
Let s(u) be the second derivative of -26*u + 1/6*u**3 + 1/12*u**4 + 0 + 1/20*u**5 - 13/2*u**2. Determine s(0).
-13
Let r(i) = -i**2 + 9*i - 9. Let d be r(8). Let m(z) = -16*z**3 - z. Determine m(d).
17
Let r(d) = 37 + 76 + 3*d**2 - d**3 - 106 - 4*d. Let t = 7 - 4. Let o be r(t). Let i(w) = w + 5. Calculate i(o).
0
Suppose 22*n = -17 + 105. Suppose 5*l = -5*i + 2*l + 25, -25 = -5*i - 2*l. Let g(a) = 5 + 11*a - n*a - i. What is g(-2)?
-14
Let t(d) be the second derivative of d**4/24 - 2*d**3/3 + 9*d**2/2 + 7*d. Let i(o) be the first derivative of t(o). Determine i(7).
3
Let v(m) be the second derivative of m**3 + 3*m**2/2 - m. Let f = -24 - -31. Suppose f + 3 = -3*g + 4*c, -4*g - 4 = 4*c. Give v(g).
-